{"id":133,"date":"2024-02-10T09:26:49","date_gmt":"2024-02-10T09:26:49","guid":{"rendered":"http:\/\/aquilacentar.com\/?page_id=133"},"modified":"2025-01-02T16:55:50","modified_gmt":"2025-01-02T16:55:50","slug":"kontakt","status":"publish","type":"page","link":"https:\/\/aquilacentar.com\/index.php\/kontakt\/","title":{"rendered":"KONTAKT"},"content":{"rendered":"<p>[et_pb_section fb_built=&#8221;1&#8243; fullwidth=&#8221;on&#8221; _builder_version=&#8221;4.25.1&#8243; _module_preset=&#8221;default&#8221; background_image=&#8221;https:\/\/aquilacentar.com\/wp-content\/uploads\/2024\/05\/Kontaktirajte-nas-1.png&#8221; global_colors_info=&#8221;{}&#8221;][et_pb_fullwidth_image src=&#8221;https:\/\/aquilacentar.com\/wp-content\/uploads\/2024\/05\/Kontaktirajte-nas.png&#8221; title_text=&#8221;Kontaktirajte nas&#8221; _builder_version=&#8221;4.25.1&#8243; _module_preset=&#8221;default&#8221; global_colors_info=&#8221;{}&#8221;][\/et_pb_fullwidth_image][\/et_pb_section][et_pb_section fb_built=&#8221;1&#8243; admin_label=&#8221;Header&#8221; _builder_version=&#8221;4.25.1&#8243; _module_preset=&#8221;default&#8221; background_color=&#8221;#1b1b1b&#8221; use_background_color_gradient=&#8221;on&#8221; background_color_gradient_direction=&#8221;90deg&#8221; background_color_gradient_stops=&#8221;#ffffff 50%|rgba(255,255,255,0) 50%&#8221; background_color_gradient_overlays_image=&#8221;on&#8221; background_enable_image=&#8221;off&#8221; custom_margin_tablet=&#8221;&#8221; custom_margin_phone=&#8221;&#8221; custom_margin_last_edited=&#8221;on|phone&#8221; custom_padding=&#8221;||0px|||&#8221; background_last_edited=&#8221;on|tablet&#8221; background_color_gradient_direction_tablet=&#8221;180deg&#8221; collapsed=&#8221;on&#8221; global_colors_info=&#8221;{}&#8221;][et_pb_row column_structure=&#8221;1_2,1_2&#8243; custom_padding_last_edited=&#8221;on|desktop&#8221; _builder_version=&#8221;4.20.0&#8243; _module_preset=&#8221;default&#8221; background_color=&#8221;#FFFFFF&#8221; custom_padding=&#8221;40px|40px|40px||true|false&#8221; custom_padding_tablet=&#8221;|40px||40px|false|true&#8221; custom_padding_phone=&#8221;|20px||20px|false|true&#8221; global_colors_info=&#8221;{}&#8221;][et_pb_column type=&#8221;1_2&#8243; _builder_version=&#8221;4.20.0&#8243; _module_preset=&#8221;default&#8221; custom_padding_tablet=&#8221;|30px||30px|false|true&#8221; custom_padding_phone=&#8221;|20px||20px|false|true&#8221; custom_padding_last_edited=&#8221;on|tablet&#8221; global_colors_info=&#8221;{}&#8221;][et_pb_text _builder_version=&#8221;4.25.1&#8243; _module_preset=&#8221;0303eb3f-f8e2-48c5-a094-3df255026e01&#8243; text_font=&#8221;Montserrat|700|||||||&#8221; custom_margin_tablet=&#8221;|-15px||-15px|false|true&#8221; custom_margin_phone=&#8221;|-15px||-15px|false|true&#8221; custom_margin_last_edited=&#8221;on|phone&#8221; text_font_size_tablet=&#8221;21px&#8221; inline_fonts=&#8221;Roboto&#8221; global_colors_info=&#8221;{%22gcid-606d042f-c90f-4ea6-97e7-7b08f1ba25f6%22:%91%22text_text_color%22%93}&#8221;]<\/p>\n<p><span style=\"font-family: Roboto; font-weight: normal; font-size: large; color: #000000;\">Spremni ste da zakora\u010dite u svet preduzetni\u0161tva?<\/span><br \/><span style=\"font-family: Roboto; font-weight: normal; font-size: large; color: #000000;\">\u017delite da unapredite svoje marketin\u0161ke ve\u0161tine i podignete svoje poslovanje na vi\u0161i nivo?<\/span><br \/><span style=\"font-family: Roboto; font-weight: normal; font-size: large; color: #000000;\">Tu smo da vam pru\u017eimo podr\u0161ku i pomo\u0107 u ostvarivanju va\u0161ih poslovnih ciljeva.<\/span><\/p>\n<p><span style=\"font-size: large; font-family: Roboto; font-weight: normal; color: #000000;\">Nezavisno od toga da li zapo\u010dinjete svoj prvi biznis ili ve\u0107 imate uspostavljeno poslovanje, tu smo da vam pru\u017eimo stru\u010dno vo\u0111stvo i prilago\u0111ene strategije koje \u0107e vam pomo\u0107i da postignete \u017eeljene rezultate.<\/span><\/p>\n<p><span style=\"font-family: Roboto; font-weight: normal; font-size: large; color: #000000;\">Ne gubite vi\u0161e vremena. Pi\u0161ite nam danas i dozvolite nam da zajedno prona\u0111emo najbolje re\u0161enje za vas i va\u0161 biznis jer, va\u0161 uspeh je na\u0161 prioritet!<\/span><\/p>\n<p>[\/et_pb_text][et_pb_social_media_follow _builder_version=&#8221;4.25.1&#8243; _module_preset=&#8221;default&#8221; custom_margin_tablet=&#8221;|||-14px|false|false&#8221; custom_margin_phone=&#8221;|-15px||-15px|false|true&#8221; custom_margin_last_edited=&#8221;on|phone&#8221; global_colors_info=&#8221;{}&#8221;][et_pb_social_media_follow_network social_network=&#8221;facebook&#8221; url=&#8221;http:\/\/facebook.com\/putuspesnogbiznisa&#8221; _builder_version=&#8221;4.24.3&#8243; _module_preset=&#8221;default&#8221; background_color=&#8221;#3b5998&#8243; global_colors_info=&#8221;{}&#8221; follow_button=&#8221;off&#8221; url_new_window=&#8221;on&#8221;]facebook[\/et_pb_social_media_follow_network][et_pb_social_media_follow_network social_network=&#8221;instagram&#8221; url=&#8221;http:\/\/instagram.com\/put_uspesnog_biznisa&#8221; _builder_version=&#8221;4.24.3&#8243; _module_preset=&#8221;default&#8221; background_color=&#8221;#ea2c59&#8243; global_colors_info=&#8221;{}&#8221; follow_button=&#8221;off&#8221; url_new_window=&#8221;on&#8221;]instagram[\/et_pb_social_media_follow_network][\/et_pb_social_media_follow][\/et_pb_column][et_pb_column type=&#8221;1_2&#8243; _builder_version=&#8221;4.20.0&#8243; _module_preset=&#8221;default&#8221; global_colors_info=&#8221;{}&#8221;][et_pb_contact_form email=&#8221;info@aquilacentar.com&#8221; title=&#8221;Popunite formu. Uskoro \u0107emo Vas kontaktirati.&#8221; success_message=&#8221;Va\u0161a poruka je poslata. Uskoro \u0107e Vas kontaktirati neko iz tima.&#8221; submit_button_text=&#8221;po\u0161alji&#8221; _builder_version=&#8221;4.27.0&#8243; _module_preset=&#8221;97dea407-934b-46fb-9304-51e511528972&#8243; form_field_background_color=&#8221;#e3d89c&#8221; title_font_size=&#8221;20px&#8221; captcha_font=&#8221;Roboto|500|||||||&#8221; captcha_text_color=&#8221;#000000&#8243; captcha_font_size=&#8221;20px&#8221; form_field_font_size=&#8221;14px&#8221; button_text_size=&#8221;18px&#8221; button_bg_color=&#8221;#8324DB&#8221; button_border_radius=&#8221;5px&#8221; button_font=&#8221;Roboto|700||on|||||&#8221; custom_margin_tablet=&#8221;|12px||12px|false|true&#8221; custom_margin_phone=&#8221;|0px||0px|false|true&#8221; custom_margin_last_edited=&#8221;on|phone&#8221; link_option_url_new_window=&#8221;on&#8221; border_radii=&#8221;on|5px|5px|5px|5px&#8221; border_color_all=&#8221;gcid-606d042f-c90f-4ea6-97e7-7b08f1ba25f6&#8243; locked=&#8221;off&#8221; global_colors_info=&#8221;{%22gcid-606d042f-c90f-4ea6-97e7-7b08f1ba25f6%22:%91%22form_field_text_color%22,%22border_color_all%22,%22form_field_text_color%22,%22border_color_all%22%93}&#8221; submit_button_text__hover_enabled=&#8221;off|desktop&#8221;][et_pb_contact_field field_id=&#8221;REAZON_TO_CALL&#8221; field_title=&#8221;ODABERITE RAZLOG KONTAKTIRANJA&#8221; field_type=&#8221;select&#8221; select_options=&#8221;%91{%22value%22:%22\u017delim da se prijavim na Mentorski program%22,%22checked%22:0,%22dragID%22:-1},{%22value%22:%22\u017delim da zaka\u017eem individualni trening%22,%22checked%22:0,%22dragID%22:0},{%22value%22:%22\u017delim da zaka\u017eem kou\u010ding sesiju%22,%22checked%22:0,%22dragID%22:1},{%22value%22:%22\u017delim da zaka\u017eem grupni trening za svoj tim%22,%22checked%22:0,%22dragID%22:4},{%22value%22:%22\u017delim da se pridru\u017eim tvom timu%22,%22checked%22:0,%22dragID%22:3},{%22value%22:%22\u017delim da zaka\u017eem besplatne konsultacije%22,%22checked%22:0,%22dragID%22:2}%93&#8243; fullwidth_field=&#8221;on&#8221; _builder_version=&#8221;4.25.1&#8243; _module_preset=&#8221;default&#8221; form_field_text_color=&#8221;#000000&#8243; form_field_font=&#8221;|600|||||||&#8221; link_option_url_new_window=&#8221;on&#8221; global_colors_info=&#8221;{}&#8221;][\/et_pb_contact_field][et_pb_contact_field field_id=&#8221;NAME_AND_SURNAME&#8221; field_title=&#8221;IME I PREZIME&#8221; fullwidth_field=&#8221;on&#8221; _builder_version=&#8221;4.25.1&#8243; _module_preset=&#8221;default&#8221; form_field_text_color=&#8221;#000000&#8243; form_field_font=&#8221;|600|||||||&#8221; global_colors_info=&#8221;{}&#8221; button_text_size__hover_enabled=&#8221;off&#8221; button_one_text_size__hover_enabled=&#8221;off&#8221; button_two_text_size__hover_enabled=&#8221;off&#8221; button_text_color__hover_enabled=&#8221;off&#8221; button_one_text_color__hover_enabled=&#8221;off&#8221; button_two_text_color__hover_enabled=&#8221;off&#8221; button_border_width__hover_enabled=&#8221;off&#8221; button_one_border_width__hover_enabled=&#8221;off&#8221; button_two_border_width__hover_enabled=&#8221;off&#8221; button_border_color__hover_enabled=&#8221;off&#8221; button_one_border_color__hover_enabled=&#8221;off&#8221; button_two_border_color__hover_enabled=&#8221;off&#8221; button_border_radius__hover_enabled=&#8221;off&#8221; button_one_border_radius__hover_enabled=&#8221;off&#8221; button_two_border_radius__hover_enabled=&#8221;off&#8221; button_letter_spacing__hover_enabled=&#8221;off&#8221; button_one_letter_spacing__hover_enabled=&#8221;off&#8221; button_two_letter_spacing__hover_enabled=&#8221;off&#8221; button_bg_color__hover_enabled=&#8221;off&#8221; button_one_bg_color__hover_enabled=&#8221;off&#8221; button_two_bg_color__hover_enabled=&#8221;off&#8221;][\/et_pb_contact_field][et_pb_contact_field field_id=&#8221;PHONE_NUMBER&#8221; field_title=&#8221;BROJ TELEFONA&#8221; fullwidth_field=&#8221;on&#8221; _builder_version=&#8221;4.25.1&#8243; _module_preset=&#8221;default&#8221; form_field_text_color=&#8221;#000000&#8243; form_field_font=&#8221;|600|||||||&#8221; global_colors_info=&#8221;{}&#8221;][\/et_pb_contact_field][et_pb_contact_field field_id=&#8221;EMAIL_ADRESS&#8221; field_title=&#8221;EMAIL ADRESA&#8221; field_type=&#8221;email&#8221; fullwidth_field=&#8221;on&#8221; _builder_version=&#8221;4.25.1&#8243; _module_preset=&#8221;default&#8221; form_field_text_color=&#8221;#000000&#8243; form_field_font=&#8221;|600|||||||&#8221; global_colors_info=&#8221;{}&#8221; button_text_size__hover_enabled=&#8221;off&#8221; button_one_text_size__hover_enabled=&#8221;off&#8221; button_two_text_size__hover_enabled=&#8221;off&#8221; button_text_color__hover_enabled=&#8221;off&#8221; button_one_text_color__hover_enabled=&#8221;off&#8221; button_two_text_color__hover_enabled=&#8221;off&#8221; button_border_width__hover_enabled=&#8221;off&#8221; button_one_border_width__hover_enabled=&#8221;off&#8221; button_two_border_width__hover_enabled=&#8221;off&#8221; button_border_color__hover_enabled=&#8221;off&#8221; button_one_border_color__hover_enabled=&#8221;off&#8221; button_two_border_color__hover_enabled=&#8221;off&#8221; button_border_radius__hover_enabled=&#8221;off&#8221; button_one_border_radius__hover_enabled=&#8221;off&#8221; button_two_border_radius__hover_enabled=&#8221;off&#8221; button_letter_spacing__hover_enabled=&#8221;off&#8221; button_one_letter_spacing__hover_enabled=&#8221;off&#8221; button_two_letter_spacing__hover_enabled=&#8221;off&#8221; button_bg_color__hover_enabled=&#8221;off&#8221; button_one_bg_color__hover_enabled=&#8221;off&#8221; button_two_bg_color__hover_enabled=&#8221;off&#8221;][\/et_pb_contact_field][et_pb_contact_field field_id=&#8221;MASSAGE&#8221; field_title=&#8221;UPI\u0160ITE PORUKU&#8221; field_type=&#8221;text&#8221; fullwidth_field=&#8221;on&#8221; _builder_version=&#8221;4.25.1&#8243; _module_preset=&#8221;default&#8221; form_field_text_color=&#8221;#000000&#8243; form_field_font=&#8221;|600|||||||&#8221; global_colors_info=&#8221;{}&#8221; button_text_size__hover_enabled=&#8221;off&#8221; button_one_text_size__hover_enabled=&#8221;off&#8221; button_two_text_size__hover_enabled=&#8221;off&#8221; button_text_color__hover_enabled=&#8221;off&#8221; button_one_text_color__hover_enabled=&#8221;off&#8221; button_two_text_color__hover_enabled=&#8221;off&#8221; button_border_width__hover_enabled=&#8221;off&#8221; button_one_border_width__hover_enabled=&#8221;off&#8221; button_two_border_width__hover_enabled=&#8221;off&#8221; button_border_color__hover_enabled=&#8221;off&#8221; button_one_border_color__hover_enabled=&#8221;off&#8221; button_two_border_color__hover_enabled=&#8221;off&#8221; button_border_radius__hover_enabled=&#8221;off&#8221; button_one_border_radius__hover_enabled=&#8221;off&#8221; button_two_border_radius__hover_enabled=&#8221;off&#8221; button_letter_spacing__hover_enabled=&#8221;off&#8221; button_one_letter_spacing__hover_enabled=&#8221;off&#8221; button_two_letter_spacing__hover_enabled=&#8221;off&#8221; button_bg_color__hover_enabled=&#8221;off&#8221; button_one_bg_color__hover_enabled=&#8221;off&#8221; button_two_bg_color__hover_enabled=&#8221;off&#8221;][\/et_pb_contact_field][\/et_pb_contact_form][\/et_pb_column][\/et_pb_row][\/et_pb_section][et_pb_section fb_built=&#8221;1&#8243; _builder_version=&#8221;4.25.1&#8243; _module_preset=&#8221;default&#8221; background_color=&#8221;#1b1b1b&#8221; global_colors_info=&#8221;{}&#8221;][et_pb_row column_structure=&#8221;1_5,1_5,1_5,1_5,1_5&#8243; _builder_version=&#8221;4.25.1&#8243; _module_preset=&#8221;default&#8221; global_colors_info=&#8221;{}&#8221;][et_pb_column type=&#8221;1_5&#8243; _builder_version=&#8221;4.25.1&#8243; _module_preset=&#8221;default&#8221; global_colors_info=&#8221;{}&#8221;][et_pb_text _builder_version=&#8221;4.25.1&#8243; _module_preset=&#8221;default&#8221; text_font=&#8221;Roboto|500|||||||&#8221; text_text_color=&#8221;#ffffff&#8221; custom_margin=&#8221;|||0px|false|false&#8221; link_option_url=&#8221;info@aquilacentar.com&#8221; link_option_url_new_window=&#8221;on&#8221; global_colors_info=&#8221;{}&#8221;]<\/p>\n<p style=\"text-align: center;\"><img loading=\"lazy\" decoding=\"async\" src=\"https:\/\/aquilacentar.com\/wp-content\/uploads\/2024\/05\/E-mail-adresa.png\" width=\"500\" height=\"500\" alt=\"\" class=\"wp-image-983 aligncenter size-full\" srcset=\"https:\/\/aquilacentar.com\/wp-content\/uploads\/2024\/05\/E-mail-adresa.png 500w, https:\/\/aquilacentar.com\/wp-content\/uploads\/2024\/05\/E-mail-adresa-480x480.png 480w\" sizes=\"(min-width: 0px) and (max-width: 480px) 480px, (min-width: 481px) 500px, 100vw\" \/><a href=\"mailto:info@aquilacentar.com\">info@aquilacentar.com<\/a>\u00a0<\/p>\n<p>[\/et_pb_text][\/et_pb_column][et_pb_column type=&#8221;1_5&#8243; _builder_version=&#8221;4.25.1&#8243; _module_preset=&#8221;default&#8221; global_colors_info=&#8221;{}&#8221;][et_pb_text _builder_version=&#8221;4.25.1&#8243; _module_preset=&#8221;default&#8221; text_font=&#8221;Roboto|500|||||||&#8221; text_text_color=&#8221;#e3d89c&#8221; text_font_size=&#8221;15px&#8221; global_colors_info=&#8221;{}&#8221;]<\/p>\n<p style=\"text-align: center;\"><img loading=\"lazy\" decoding=\"async\" src=\"https:\/\/aquilacentar.com\/wp-content\/uploads\/2024\/05\/telefon-2.png\" width=\"500\" height=\"500\" alt=\"\" class=\"wp-image-982 aligncenter size-full\" srcset=\"https:\/\/aquilacentar.com\/wp-content\/uploads\/2024\/05\/telefon-2.png 500w, https:\/\/aquilacentar.com\/wp-content\/uploads\/2024\/05\/telefon-2-480x480.png 480w\" sizes=\"(min-width: 0px) and (max-width: 480px) 480px, (min-width: 481px) 500px, 100vw\" \/>\u00a0 \u00a0 \u00a0+381 63 8788972\u00a0<\/p>\n<p>[\/et_pb_text][\/et_pb_column][et_pb_column type=&#8221;1_5&#8243; _builder_version=&#8221;4.25.1&#8243; _module_preset=&#8221;default&#8221; global_colors_info=&#8221;{}&#8221;][et_pb_text _builder_version=&#8221;4.25.1&#8243; _module_preset=&#8221;default&#8221; text_font=&#8221;Roboto|500|||||||&#8221; text_text_color=&#8221;#e3d89c&#8221; link_option_url=&#8221;https:\/\/calendly.com\/jelena-biznismentor&#8221; link_option_url_new_window=&#8221;on&#8221; global_colors_info=&#8221;{}&#8221;]<\/p>\n<p style=\"text-align: center;\"><img loading=\"lazy\" decoding=\"async\" src=\"https:\/\/aquilacentar.com\/wp-content\/uploads\/2024\/05\/Konsultacije-2.png\" width=\"500\" height=\"500\" alt=\"\" class=\"wp-image-984 aligncenter size-full\" srcset=\"https:\/\/aquilacentar.com\/wp-content\/uploads\/2024\/05\/Konsultacije-2.png 500w, https:\/\/aquilacentar.com\/wp-content\/uploads\/2024\/05\/Konsultacije-2-480x480.png 480w\" sizes=\"(min-width: 0px) and (max-width: 480px) 480px, (min-width: 481px) 500px, 100vw\" \/><a href=\"https:\/\/calendly.com\/jelena-biznismentor\">Calendly &#8211; Biznis Mentor Jelena Stojiljkovi\u0107<\/a><\/p>\n<p>[\/et_pb_text][\/et_pb_column][et_pb_column type=&#8221;1_5&#8243; _builder_version=&#8221;4.25.1&#8243; _module_preset=&#8221;default&#8221; global_colors_info=&#8221;{}&#8221;][et_pb_text _builder_version=&#8221;4.27.4&#8243; _module_preset=&#8221;default&#8221; text_font=&#8221;Roboto|500|||||||&#8221; text_text_color=&#8221;#e3d89c&#8221; hover_enabled=&#8221;0&#8243; global_colors_info=&#8221;{}&#8221; sticky_enabled=&#8221;0&#8243;]<\/p>\n<p style=\"text-align: center;\"><img loading=\"lazy\" decoding=\"async\" src=\"https:\/\/aquilacentar.com\/wp-content\/uploads\/2024\/05\/Radno-vreme-3.png\" width=\"500\" height=\"500\" alt=\"\" class=\"wp-image-979 aligncenter size-full\" srcset=\"https:\/\/aquilacentar.com\/wp-content\/uploads\/2024\/05\/Radno-vreme-3.png 500w, https:\/\/aquilacentar.com\/wp-content\/uploads\/2024\/05\/Radno-vreme-3-480x480.png 480w\" sizes=\"(min-width: 0px) and (max-width: 480px) 480px, (min-width: 481px) 500px, 100vw\" \/>Pon-Pet<br \/>09-13:00h i 16-19:00h<\/p>\n<p>[\/et_pb_text][\/et_pb_column][et_pb_column type=&#8221;1_5&#8243; _builder_version=&#8221;4.25.1&#8243; _module_preset=&#8221;default&#8221; global_colors_info=&#8221;{}&#8221;][et_pb_text _builder_version=&#8221;4.27.4&#8243; _module_preset=&#8221;default&#8221; text_font=&#8221;Roboto|500|||||||&#8221; text_text_color=&#8221;#e3d89c&#8221; hover_enabled=&#8221;0&#8243; global_colors_info=&#8221;{}&#8221; sticky_enabled=&#8221;0&#8243;]<\/p>\n<p style=\"text-align: center;\"><img loading=\"lazy\" decoding=\"async\" src=\"https:\/\/aquilacentar.com\/wp-content\/uploads\/2024\/05\/Adresa-1.png\" width=\"500\" height=\"500\" alt=\"\" class=\"wp-image-980 aligncenter size-full\" srcset=\"https:\/\/aquilacentar.com\/wp-content\/uploads\/2024\/05\/Adresa-1.png 500w, https:\/\/aquilacentar.com\/wp-content\/uploads\/2024\/05\/Adresa-1-480x480.png 480w\" sizes=\"(min-width: 0px) and (max-width: 480px) 480px, (min-width: 481px) 500px, 100vw\" \/>Tekstilna 33<br \/>16000 Leskovac, Srbija<\/p>\n<p>[\/et_pb_text][\/et_pb_column][\/et_pb_row][\/et_pb_section]<\/p>\n","protected":false},"excerpt":{"rendered":"<p>Spremni ste da zakora\u010dite u svet preduzetni\u0161tva?\u017delite da unapredite svoje marketin\u0161ke ve\u0161tine i podignete svoje poslovanje na vi\u0161i nivo?Tu smo da vam pru\u017eimo podr\u0161ku i pomo\u0107 u ostvarivanju va\u0161ih poslovnih ciljeva. Nezavisno od toga da li zapo\u010dinjete svoj prvi biznis ili ve\u0107 imate uspostavljeno poslovanje, tu smo da vam pru\u017eimo stru\u010dno vo\u0111stvo i prilago\u0111ene strategije [&hellip;]<\/p>\n","protected":false},"author":1,"featured_media":1059,"parent":0,"menu_order":0,"comment_status":"closed","ping_status":"closed","template":"","meta":{"_et_pb_use_builder":"on","_et_pb_old_content":"","_et_gb_content_width":"","footnotes":""},"class_list":["post-133","page","type-page","status-publish","has-post-thumbnail","hentry"],"_links":{"self":[{"href":"https:\/\/aquilacentar.com\/index.php\/wp-json\/wp\/v2\/pages\/133","targetHints":{"allow":["GET"]}}],"collection":[{"href":"https:\/\/aquilacentar.com\/index.php\/wp-json\/wp\/v2\/pages"}],"about":[{"href":"https:\/\/aquilacentar.com\/index.php\/wp-json\/wp\/v2\/types\/page"}],"author":[{"embeddable":true,"href":"https:\/\/aquilacentar.com\/index.php\/wp-json\/wp\/v2\/users\/1"}],"replies":[{"embeddable":true,"href":"https:\/\/aquilacentar.com\/index.php\/wp-json\/wp\/v2\/comments?post=133"}],"version-history":[{"count":44,"href":"https:\/\/aquilacentar.com\/index.php\/wp-json\/wp\/v2\/pages\/133\/revisions"}],"predecessor-version":[{"id":2523,"href":"https:\/\/aquilacentar.com\/index.php\/wp-json\/wp\/v2\/pages\/133\/revisions\/2523"}],"wp:featuredmedia":[{"embeddable":true,"href":"https:\/\/aquilacentar.com\/index.php\/wp-json\/wp\/v2\/media\/1059"}],"wp:attachment":[{"href":"https:\/\/aquilacentar.com\/index.php\/wp-json\/wp\/v2\/media?parent=133"}],"curies":[{"name":"wp","href":"https:\/\/api.w.org\/{rel}","templated":true}]}}